{"id":23,"date":"2019-06-22T17:14:10","date_gmt":"2019-06-22T15:14:10","guid":{"rendered":"http:\/\/fo-conforama.fr\/?page_id=23"},"modified":"2022-10-26T14:54:10","modified_gmt":"2022-10-26T12:54:10","slug":"les-elections","status":"publish","type":"page","link":"https:\/\/fo-conforama.fr\/index.php\/les-elections\/","title":{"rendered":"Les accords Conforama"},"content":{"rendered":"\n<p><strong><span class=\"has-inline-color has-very-dark-gray-color\">D\u00e9couvrez les accords d&#8217;entreprise Conforama sign\u00e9s (accords favorables aux salari\u00e9s) ou pas par notre Syndicat <\/span><em><span class=\"has-inline-color has-vivid-red-color\">FORCE OUVRIERE<\/span><\/em><span class=\"has-inline-color has-very-dark-gray-color\">, ainsi que la convention collective du n\u00e9goce de l&#8217;ameublement. <\/span><\/strong><\/p>\n","protected":false},"excerpt":{"rendered":"<div class=\"mh-excerpt\"><p>D\u00e9couvrez les accords d&#8217;entreprise Conforama sign\u00e9s (accords favorables aux salari\u00e9s) ou pas par notre Syndicat FORCE OUVRIERE, ainsi que la convention collective du n\u00e9goce de <a class=\"mh-excerpt-more\" href=\"https:\/\/fo-conforama.fr\/index.php\/les-elections\/\" title=\"Les accords Conforama\">[&#8230;]<\/a><\/p>\n<\/div>","protected":false},"author":1,"featured_media":0,"parent":0,"menu_order":0,"comment_status":"closed","ping_status":"closed","template":"template-full.php","meta":{"footnotes":""},"yoast_head":"<!-- This site is optimized with the Yoast SEO plugin v22.2 - https:\/\/yoast.com\/wordpress\/plugins\/seo\/ -->\n<title>Accords sign\u00e9s ou non par FORCE OUVRIERE | FO Conforama<\/title>\n<meta name=\"description\" content=\"Tous les accords d&#039;entreprise concernant les salari\u00e9s de Conforama, ainsi que la convention collective du n\u00e9goce de l&#039;ameublement.\" \/>\n<meta name=\"robots\" content=\"index, follow, max-snippet:-1, max-image-preview:large, max-video-preview:-1\" \/>\n<link rel=\"canonical\" href=\"https:\/\/fo-conforama.fr\/index.php\/les-elections\/\" \/>\n<meta property=\"og:locale\" content=\"fr_FR\" \/>\n<meta property=\"og:type\" content=\"article\" \/>\n<meta property=\"og:title\" content=\"Accords sign\u00e9s ou non par FORCE OUVRIERE | FO Conforama\" \/>\n<meta property=\"og:description\" content=\"Tous les accords d&#039;entreprise concernant les salari\u00e9s de Conforama, ainsi que la convention collective du n\u00e9goce de l&#039;ameublement.\" \/>\n<meta property=\"og:url\" content=\"https:\/\/fo-conforama.fr\/index.php\/les-elections\/\" \/>\n<meta property=\"og:site_name\" content=\"FO Conforama\" \/>\n<meta property=\"article:publisher\" content=\"https:\/\/www.facebook.com\/foconforama\/\" \/>\n<meta property=\"article:modified_time\" content=\"2022-10-26T12:54:10+00:00\" \/>\n<meta name=\"twitter:card\" content=\"summary_large_image\" \/>\n<script type=\"application\/ld+json\" class=\"yoast-schema-graph\">{\"@context\":\"https:\/\/schema.org\",\"@graph\":[{\"@type\":\"WebPage\",\"@id\":\"https:\/\/fo-conforama.fr\/index.php\/les-elections\/\",\"url\":\"https:\/\/fo-conforama.fr\/index.php\/les-elections\/\",\"name\":\"Accords sign\u00e9s ou non par FORCE OUVRIERE | FO Conforama\",\"isPartOf\":{\"@id\":\"https:\/\/fo-conforama.fr\/#website\"},\"datePublished\":\"2019-06-22T15:14:10+00:00\",\"dateModified\":\"2022-10-26T12:54:10+00:00\",\"description\":\"Tous les accords d'entreprise concernant les salari\u00e9s de Conforama, ainsi que la convention collective du n\u00e9goce de l'ameublement.\",\"breadcrumb\":{\"@id\":\"https:\/\/fo-conforama.fr\/index.php\/les-elections\/#breadcrumb\"},\"inLanguage\":\"fr-FR\",\"potentialAction\":[{\"@type\":\"ReadAction\",\"target\":[\"https:\/\/fo-conforama.fr\/index.php\/les-elections\/\"]}]},{\"@type\":\"BreadcrumbList\",\"@id\":\"https:\/\/fo-conforama.fr\/index.php\/les-elections\/#breadcrumb\",\"itemListElement\":[{\"@type\":\"ListItem\",\"position\":1,\"name\":\"Home\",\"item\":\"https:\/\/fo-conforama.fr\/\"},{\"@type\":\"ListItem\",\"position\":2,\"name\":\"Les accords Conforama\"}]},{\"@type\":\"WebSite\",\"@id\":\"https:\/\/fo-conforama.fr\/#website\",\"url\":\"https:\/\/fo-conforama.fr\/\",\"name\":\"FO Conforama\",\"description\":\"Bienvenue sur le site de Force Ouvri\u00e8re Conforama\",\"publisher\":{\"@id\":\"https:\/\/fo-conforama.fr\/#organization\"},\"potentialAction\":[{\"@type\":\"SearchAction\",\"target\":{\"@type\":\"EntryPoint\",\"urlTemplate\":\"https:\/\/fo-conforama.fr\/?s={search_term_string}\"},\"query-input\":\"required name=search_term_string\"}],\"inLanguage\":\"fr-FR\"},{\"@type\":\"Organization\",\"@id\":\"https:\/\/fo-conforama.fr\/#organization\",\"name\":\"SECTION FO CONFORAMA\",\"url\":\"https:\/\/fo-conforama.fr\/\",\"logo\":{\"@type\":\"ImageObject\",\"inLanguage\":\"fr-FR\",\"@id\":\"https:\/\/fo-conforama.fr\/#\/schema\/logo\/image\/\",\"url\":\"https:\/\/fo-conforama.fr\/wp-content\/uploads\/2019\/06\/logo-force-ouvriere-conforama-e1561365263970.jpg\",\"contentUrl\":\"https:\/\/fo-conforama.fr\/wp-content\/uploads\/2019\/06\/logo-force-ouvriere-conforama-e1561365263970.jpg\",\"width\":150,\"height\":116,\"caption\":\"SECTION FO CONFORAMA\"},\"image\":{\"@id\":\"https:\/\/fo-conforama.fr\/#\/schema\/logo\/image\/\"},\"sameAs\":[\"https:\/\/www.facebook.com\/foconforama\/\"]}]}<\/script>\n<!-- \/ Yoast SEO plugin. -->","yoast_head_json":{"title":"Accords sign\u00e9s ou non par FORCE OUVRIERE | FO Conforama","description":"Tous les accords d'entreprise concernant les salari\u00e9s de Conforama, ainsi que la convention collective du n\u00e9goce de l'ameublement.","robots":{"index":"index","follow":"follow","max-snippet":"max-snippet:-1","max-image-preview":"max-image-preview:large","max-video-preview":"max-video-preview:-1"},"canonical":"https:\/\/fo-conforama.fr\/index.php\/les-elections\/","og_locale":"fr_FR","og_type":"article","og_title":"Accords sign\u00e9s ou non par FORCE OUVRIERE | FO Conforama","og_description":"Tous les accords d'entreprise concernant les salari\u00e9s de Conforama, ainsi que la convention collective du n\u00e9goce de l'ameublement.","og_url":"https:\/\/fo-conforama.fr\/index.php\/les-elections\/","og_site_name":"FO Conforama","article_publisher":"https:\/\/www.facebook.com\/foconforama\/","article_modified_time":"2022-10-26T12:54:10+00:00","twitter_card":"summary_large_image","schema":{"@context":"https:\/\/schema.org","@graph":[{"@type":"WebPage","@id":"https:\/\/fo-conforama.fr\/index.php\/les-elections\/","url":"https:\/\/fo-conforama.fr\/index.php\/les-elections\/","name":"Accords sign\u00e9s ou non par FORCE OUVRIERE | FO Conforama","isPartOf":{"@id":"https:\/\/fo-conforama.fr\/#website"},"datePublished":"2019-06-22T15:14:10+00:00","dateModified":"2022-10-26T12:54:10+00:00","description":"Tous les accords d'entreprise concernant les salari\u00e9s de Conforama, ainsi que la convention collective du n\u00e9goce de l'ameublement.","breadcrumb":{"@id":"https:\/\/fo-conforama.fr\/index.php\/les-elections\/#breadcrumb"},"inLanguage":"fr-FR","potentialAction":[{"@type":"ReadAction","target":["https:\/\/fo-conforama.fr\/index.php\/les-elections\/"]}]},{"@type":"BreadcrumbList","@id":"https:\/\/fo-conforama.fr\/index.php\/les-elections\/#breadcrumb","itemListElement":[{"@type":"ListItem","position":1,"name":"Home","item":"https:\/\/fo-conforama.fr\/"},{"@type":"ListItem","position":2,"name":"Les accords Conforama"}]},{"@type":"WebSite","@id":"https:\/\/fo-conforama.fr\/#website","url":"https:\/\/fo-conforama.fr\/","name":"FO Conforama","description":"Bienvenue sur le site de Force Ouvri\u00e8re Conforama","publisher":{"@id":"https:\/\/fo-conforama.fr\/#organization"},"potentialAction":[{"@type":"SearchAction","target":{"@type":"EntryPoint","urlTemplate":"https:\/\/fo-conforama.fr\/?s={search_term_string}"},"query-input":"required name=search_term_string"}],"inLanguage":"fr-FR"},{"@type":"Organization","@id":"https:\/\/fo-conforama.fr\/#organization","name":"SECTION FO CONFORAMA","url":"https:\/\/fo-conforama.fr\/","logo":{"@type":"ImageObject","inLanguage":"fr-FR","@id":"https:\/\/fo-conforama.fr\/#\/schema\/logo\/image\/","url":"https:\/\/fo-conforama.fr\/wp-content\/uploads\/2019\/06\/logo-force-ouvriere-conforama-e1561365263970.jpg","contentUrl":"https:\/\/fo-conforama.fr\/wp-content\/uploads\/2019\/06\/logo-force-ouvriere-conforama-e1561365263970.jpg","width":150,"height":116,"caption":"SECTION FO CONFORAMA"},"image":{"@id":"https:\/\/fo-conforama.fr\/#\/schema\/logo\/image\/"},"sameAs":["https:\/\/www.facebook.com\/foconforama\/"]}]}},"_links":{"self":[{"href":"https:\/\/fo-conforama.fr\/index.php\/wp-json\/wp\/v2\/pages\/23"}],"collection":[{"href":"https:\/\/fo-conforama.fr\/index.php\/wp-json\/wp\/v2\/pages"}],"about":[{"href":"https:\/\/fo-conforama.fr\/index.php\/wp-json\/wp\/v2\/types\/page"}],"author":[{"embeddable":true,"href":"https:\/\/fo-conforama.fr\/index.php\/wp-json\/wp\/v2\/users\/1"}],"replies":[{"embeddable":true,"href":"https:\/\/fo-conforama.fr\/index.php\/wp-json\/wp\/v2\/comments?post=23"}],"version-history":[{"count":0,"href":"https:\/\/fo-conforama.fr\/index.php\/wp-json\/wp\/v2\/pages\/23\/revisions"}],"wp:attachment":[{"href":"https:\/\/fo-conforama.fr\/index.php\/wp-json\/wp\/v2\/media?parent=23"}],"curies":[{"name":"wp","href":"https:\/\/api.w.org\/{rel}","templated":true}]}}